+ 2/(-8). Let a = o + 1458. Is a composite?
False
Suppose 0*s = -s, -4*u - 8 = 4*s. Let l be 1/(u + 1) + 4. Is (-2)/(-6) + 104/l prime?
False
Let j(g) = g**3 - 9*g**2 - 9*g - 8. Let k be j(10). Suppose 3*l - 379 = t, -k*l + 164 = -t - 88. Is l composite?
False
Suppose h + 6 = 4*x, -2*h + h = -2*x + 2. Let q(k) = 5*k**2 + 5*k + 3 - 3*k**2 - 3*k**h. Is q(4) a composite number?
False
Let n(w) = -11*w**2 + 2*w + 2. Let y be n(2). Suppose 4*i = u + 37, -43 = -5*i - 2*u - 0*u. Let a = i - y. Is a prime?
True
Is ((-2235)/10 - -2)*(-1 + -1) a composite number?
False
Suppose 7*l = 3*l + 600. Is 9874/30 - 20/l a composite number?
True
Suppose -x + 4 = -1. Suppose -2*y + 52 = -4*i, -x*y + 5*i = -2*y - 82. Is y composite?
True
Let l be ((-6)/5)/(6/(-15)). Suppose 0*r - l*u = 2*r - 257, 3*u = -r + 136. Is r a composite number?
True
Let b = 24 + -17. Let q = 10 - -28. Let f = q - b. Is f prime?
True
Let t = -16 - -50. Suppose -4*z = -3*z. Suppose 2*f - t - 4 = z. Is f a composite number?
False
Is (8 - 2)*(1 - (-1110)/36) prime?
True
Let v(t) = 3*t**2 + 6*t + 14. Is v(-5) composite?
False
Suppose 4*b - 1928 = 536. Suppose -b = -2*t + 238. Is t a composite number?
True
Let n(l) = 6*l**2 - 7*l. Is n(5) a prime number?
False
Let a = -1537 - -2378. Is a composite?
True
Suppose -695 - 479 = -2*m. Is m prime?
True
Suppose -3*g - 21 - 6 = 0. Is (-780)/g - (-2)/(-3) prime?
False
Let o be (-8)/36 + 25/(-9). Let z(u) = -3*u**3 - 3*u**2 + 6*u + 4. Let h(r) = 2*r**3 + 3*r**2 - 5*r - 3. Let g(n) = 5*h(n) + 4*z(n). Is g(o) a prime number?
False
Suppose 6*o = -2*o + 472. Is o a prime number?
True
Let d(b) = 3*b**2 - b + 2. Let x be d(-6). Suppose 0 = -5*v + 74 + x. Is v composite?
True
Is (5/(-10))/((-1)/894) a prime number?
False
Let v be 1/((-2)/(-6) + 0). Suppose v*i - 381 = 5*u, -250 - 131 = -3*i - 3*u. Is i a composite number?
False
Let x be (-21)/(-6) + 4/8. Suppose -3*v + 6*v - 122 = -5*q, 2*q = x*v - 128. Is v a composite number?
True
Let l(r) be the third derivative of 4*r**4/3 + r**3/6 - r**2. Is l(2) a prime number?
False
Let v = 33 + -18. Is (-1)/(3/6) + v composite?
False
Suppose -5*r = -v - 19, v = r - 3*r + 2. Is (-2)/(5 - r)*-247 prime?
False
Let d(w) = w**2 - 4*w. Let g be d(5). Suppose -2*z + 21 = -g. Is z prime?
True
Let t be (1 - 2)*(-11 + 2). Suppose -3*b + 255 = -t. Suppose -2*d = 2*d - b. Is d a composite number?
True
Let a(n) = -3*n**2 - n - 2. Let o be a(7). Let w = o - -243. Is w a prime number?
False
Let d(n) = 7*n**3 + 2*n**2 + 4*n - 2. Is d(3) prime?
False
Suppose -25*i = -17*i - 3032. Is i prime?
True
Let f(z) = 98*z - 5. Suppose 5*n + w = -19, 0 = 3*n - 4*n - 5*w + 1. Let g be f(n). Is 1/(-2)*2*g prime?
True
Let m be 2/8 - (-3)/(-12). Suppose -3*p - 5*g + 766 = m, 1286 = p + 4*p - g. Is p a composite number?
False
Suppose -4*h - 2 + 10 = 0. Suppose -b - 4*b = h*a - 667, 5*b - 664 = a. Is b prime?
False
Suppose -299 - 568 = -3*f. Is f composite?
True
Is (-1)/(-2) - (-7969)/26 a composite number?
False
Is (35 - 22)/(2/14*1) composite?
True
Let c(v) = 66*v + 1. Let r(i) = i**2 - 2*i - 3. Let w be r(-2). Is c(w) a composite number?
False
Let p = 286 + 177. Suppose 2*c + 85 - p = -4*g, 5*c + 2*g - 929 = 0. Is c composite?
True
Let h(a) = 2*a**2 + 5*a + 3. Suppose -4*c - 19 = -t + 1, -5*t = c - 16. Is h(t) a composite number?
True
Let m(a) = -8*a**2 + 3*a - 1. Let c(r) = 7*r**2 - 2*r + 1. Let j(p) = 3*c(p) + 2*m(p). Suppose -4*d + 4 = -0*d. Is j(d) a composite number?
True
Let s(b) = -b**2 - 4*b + 2. Let f be s(-4). Let g(x) = 13*x**3 + x**2 + 3*x - 1. Is g(f) composite?
False
Let u(l) be the second derivative of l**7/840 + l**6/720 + l**5/120 + l**4/3 - 4*l. Let p(z) be the third derivative of u(z). Is p(-5) a composite number?
False
Suppose 0 = -2*y - w - 86 + 380, -4*y - 4*w = -596. Let q(f) = 2*f - 8. Let z be q(4). Suppose z*b - y = -b. Is b a prime number?
False
Let l(t) = -1438*t**3 - t**2 - t - 1. Is l(-1) a composite number?
True
Let v(f) be the first derivative of 112*f**3/3 + f**2 - f + 1. Suppose 2*w + 0*c - c - 6 = 0, w = -2*c - 7. Is v(w) a prime number?
True
Let l(f) = 7*f + f**2 - 2*f - 8*f + 4*f**3 + 1. Is l(2) a prime number?
True
Let m(c) = 2*c**2 - 9 + c**2 - c + 0*c**2 - c**2. Is m(12) a prime number?
False
Suppose o - 5*d = 580, 1133 = -2*o + 4*o - d. Is o a composite number?
True
Suppose -8*x = -11*x - 324. Let p = -478 + 281. Let i = x - p. Is i a prime number?
True
Let v = 308 + 2555. Is v a prime number?
False
Let s(l) be the second derivative of l**4/12 - l**3/2 - l**2/2 + 3*l. Let b be s(4). Suppose -38 = -b*h + h. Is h composite?
False
Is 452 + -1 - 0/9 composite?
True
Suppose -4*u + 12 + 0 = 0. Let r = 37 - u. Suppose 3*k - 42 = -3*c, -k = -c - r + 10. Is k a prime number?
True
Suppose -x - 2 = 0, 2*x + x = 3*k + 78. Is ((-35)/k)/(1/76) composite?
True
Let r = -445 + 687. Let y = -5 + 10. Suppose y*c + 3*d = r, -c = 2*c + 2*d - 145. Is c prime?
False
Let l = 10 + -11. Let k = -6 - -10. Is k - -50 - l/1 a prime number?
False
Suppose 5*z + 452 - 47 = 0. Let q = z - -175. Is q a prime number?
False
Let l(c) = -c. Let w(d) = 2*d**3 + 9*d**2 - 7*d - 1. Let t(z) = 2*l(z) - w(z). Is t(-7) composite?
False
Suppose 5*z + 4 - 14 = 0. Suppose -z*p = -476 - 198. Is p a prime number?
True
Let v(h) = -3*h - 1. Let b be v(-2). Suppose -196 = -3*g + 5*s - 531, 0 = b*g - 5*s + 545. Let c = -52 - g. Is c prime?
True
Let l = -599 - -412. Let c = l - -264. Is c prime?
False
Suppose k = 4*k + 423. Is (10/(-30))/(1/k) composite?
False
Suppose -4*q + 3*l + 136 = 0, 0 = 3*q - 8*q + 4*l + 169. Is q a composite number?
False
Suppose 0 = 2*i + 8 - 4. Let y(d) = -130*d**3 + d**2 - 1. Is y(i) prime?
False
Let o = 1447 - 548. Is o a prime number?
False
Let d be -1*(51 - (1 - -1)). Let m = 48 - d. Is m composite?
False
Let a(j) = -58*j + 33. Is a(-23) a composite number?
False
Let m(a) = -4*a**2 - 5*a - 15. Let n(d) = 2*d**2 + 2*d + 7. Let u(r) = 2*m(r) + 5*n(r). Is u(4) prime?
True
Suppose 3*l - 50 = 4*l. Let h = l - -135. Is h a prime number?
False
Suppose -4*m = -0*m - 16. Suppose -2*b = -y - 0*b + 286, -m*b - 1442 = -5*y. Suppose -c + 77 = 2*u, -5*c = 5*u + 90 - y. Is u a composite number?
False
Suppose -4 = 2*d - 10. Suppose -3*y = -m + 4*m - 33, -5*y + 55 = d*m. Is y a composite number?
False
Suppose 0 = -5*o - 15, 3*n = -0*n - 4*o - 15. Let p be (-10)/(-6)*(n + 4). Suppose p*z + 3*x - 53 = 0, 3*z - 2*x - 2*x = 26. Is z a composite number?
True
Suppose n + 20 = -2*n + 5*y, -4*y = 2*n - 16. Suppose l - 36 = -n. Suppose 5*v = l + 59. Is v a prime number?
True
Suppose -4*o - 2*o = -27870. Is o composite?
True
Suppose 5*y - 167 = 583. Suppose 4*g - y = 2*w, -3*w - g = 3*g + 195. Is w/(-6)*(0 - -2) a composite number?
False
Let j = -8 + 3. Let o(q) = q**3 + 6*q**2 + 7*q + 7. Let p be o(j). Let i = 36 - p. Is i prime?
False
Let y(n) = -n**2 + 7*n - 6. Let a be y(6). Suppose 2*j = t + 78, -t = 2*j - a*t - 70. Is j prime?
True
Suppose 0 = -3*t + 76 + 326. Is t composite?
True
Let k = 49 - 43. Let i(v) = v**2 + 9*v - 1. Let p(f) = -f**2 + f. Let a(r) = i(r) - 2*p(r). Is a(k) composite?
False
Suppose -36 = 4*s + 4. Let j(t) = -28*t - 1. Let w be j(-6). Is w/5 + 4/s composite?
True
Suppose -c + 11 = 3. Let t = -39 + 75. Is c/t - 950/(-18) a composite number?
False
Let b(l) = -29*l**3 - 3*l**2 - 6*l - 9. Is b(-2) composite?
False
Let p be 12/3*(1 + 1). Is (-2)/p + 1995/28 a composite number?
False
Let n = 20 - 16. Suppose -512 = n*m - 1540. Is m prime?
True
Suppose 407 + 249 = -4*t. Suppose 0 = 3*i - 2*r + 135, 135 = -3*i + 4*r - 0*r. Let j = i - t. Is j a prime number?
False
Let u(p) = -4*p**3 - 19*p**2 + 15*p + 7. Is u(-9) a prime number?
True
Is (-10 - -8)*(-437)/2 a prime number?
False
Is ((-118)/(-8))/(13/676) a prime number?
False
Is (2/(-4))/((-2)/248) a composite number?
True
Let h(g) = g + 2. Suppose 14 = -5*x + 59. Is h(x) a prime number?
True
Suppose 0 = 5*o - 6 + 21. Is 129/(-6)*(1 + o) a composite number?
False
Let v = 11 - 20. Let a = -2 - v. Is a prime?
True
Let x(v) = 2*v**2 + v + 1. Let h be x(-1). Suppose 4*p + p + 35 = h*m, 2*m - 32 = 2*p. Is m prime?
False
Let b = -519 + 728. Suppose 3*q + b = j + 7*q, -3*j - 3*q = -645. Is j a prime number?
False
Let n(z) be the first derivative of 191*z**3/3 - 2. Is n(1) a prime number?
True
Sup